{"id":10,"date":"2024-05-31T22:21:22","date_gmt":"2024-05-31T19:21:22","guid":{"rendered":"https:\/\/kocaelidigital.com\/?page_id=10"},"modified":"2024-09-21T11:29:52","modified_gmt":"2024-09-21T08:29:52","slug":"anasayfa","status":"publish","type":"page","link":"https:\/\/kocaelidigital.com\/","title":{"rendered":"Anasayfa"},"content":{"rendered":"\n<p class=\"mobil-icin-goster has-ast-global-color-0-background-color has-background\"><\/p>\n\n\n\n<div class=\"wp-block-group alignfull nextgen-gallery-mobile has-pale-cyan-blue-color has-ast-global-color-0-background-color has-text-color has-background has-link-color wp-elements-67572484113ae8a6274be0d2369b98ae is-layout-flow wp-block-group-is-layout-flow\" style=\"padding-bottom:0px\">\n<p class=\"has-text-align-center has-pale-cyan-blue-color has-ast-global-color-7-background-color has-text-color has-background has-link-color has-small-font-size wp-elements-97ad18a42097d86a7a9d0184c006f988\" style=\"margin-top:0;margin-right:0rem;margin-bottom:0;margin-left:0rem;font-style:normal;font-weight:500\"><strong>Digiturk beIN Sports \u0130ND\u0130R\u0130ML\u0130 \u00dcYEL\u0130K FIRSATINDAN YARARLANMAK \u0130\u00c7\u0130N B\u0130Z\u0130 ARAYIN, AYNI G\u00dcN KURULUM YAPALIM.<\/strong><\/p>\n\n\n\n<div class=\"wp-block-group custom-group is-content-justification-center is-layout-constrained wp-block-group-is-layout-constrained\">ngg_shortcode_0_placeholder\n<\/div>\n<\/div>\n\n\n\n<div class=\"wp-block-group alignfull mobil-gizle has-ast-global-color-0-background-color has-background is-layout-flow wp-block-group-is-layout-flow\" style=\"padding-bottom:0px\">\n<p class=\"has-text-align-center has-pale-cyan-blue-color has-ast-global-color-7-background-color has-text-color has-background has-link-color has-small-font-size wp-elements-97ad18a42097d86a7a9d0184c006f988\" style=\"margin-top:0;margin-right:0rem;margin-bottom:0;margin-left:0rem;font-style:normal;font-weight:500\"><strong>Digiturk beIN Sports \u0130ND\u0130R\u0130ML\u0130 \u00dcYEL\u0130K FIRSATINDAN YARARLANMAK \u0130\u00c7\u0130N B\u0130Z\u0130 ARAYIN, AYNI G\u00dcN KURULUM YAPALIM.<\/strong><\/p>\n\n\n\nngg_shortcode_1_placeholder\n<\/div>\n\n\n\n<div id=\"services\" class=\"wp-block-group has-ast-global-color-0-background-color has-background is-content-justification-center is-nowrap is-layout-flex wp-container-core-group-is-layout-03f1e385 wp-block-group-is-layout-flex\" style=\"padding-top:144px;padding-bottom:0px\">\n<h2 class=\"wp-block-heading has-text-align-center has-pale-cyan-blue-color has-text-color has-link-color has-large-font-size wp-elements-5fe85e4607faf130c6aff44a35893a9a\" id=\"contact-section\">UYDU-TV-MERKEZ\u0130 S\u0130STEM -KAMERA S\u0130STEM\u0130 ARIZASI \u0130\u00c7\u0130N ARAYIN: <br> <a href=\"tel:+905335595343\" data-type=\"tel\" data-id=\"tel:+905335595343\">0533 559 53 43<\/a><\/h2>\n<\/div>\n\n\n\n<\/br>\n\n\n\n<\/br>\n\n\n\n<h2 class=\"wp-block-heading\"><\/h2>\n\n\n\n<div class=\"wp-block-group alignfull has-ast-global-color-5-background-color has-background is-layout-constrained wp-container-core-group-is-layout-94d206d0 wp-block-group-is-layout-constrained\" id=\"about\" style=\"padding-top:143px;padding-bottom:144px\">\n<div class=\"wp-block-media-text is-stacked-on-mobile is-vertically-aligned-center\"><figure class=\"wp-block-media-text__media\"><img fetchpriority=\"high\" decoding=\"async\" width=\"1024\" height=\"392\" src=\"https:\/\/kocaelidigital.com\/wp-content\/uploads\/2024\/06\/Cqzfl3XWYAAcMZ5-1-1024x392.jpg\" alt=\"\" class=\"wp-image-590 size-full\" srcset=\"https:\/\/kocaelidigital.com\/wp-content\/uploads\/2024\/06\/Cqzfl3XWYAAcMZ5-1-1024x392.jpg 1024w, https:\/\/kocaelidigital.com\/wp-content\/uploads\/2024\/06\/Cqzfl3XWYAAcMZ5-1-300x115.jpg 300w, https:\/\/kocaelidigital.com\/wp-content\/uploads\/2024\/06\/Cqzfl3XWYAAcMZ5-1-768x294.jpg 768w, https:\/\/kocaelidigital.com\/wp-content\/uploads\/2024\/06\/Cqzfl3XWYAAcMZ5-1-600x230.jpg 600w, https:\/\/kocaelidigital.com\/wp-content\/uploads\/2024\/06\/Cqzfl3XWYAAcMZ5-1.jpg 1200w\" sizes=\"(max-width: 1024px) 100vw, 1024px\" \/><\/figure><div class=\"wp-block-media-text__content\">\n<h2 class=\"wp-block-heading has-text-align-center\">Kocaeli&#8217;nin t\u00fcm il\u00e7e ve k\u00f6yleri ile \u0130stanbul&#8217;un Pendik ve Tuzla il\u00e7elerinin t\u00fcm semt ve k\u00f6ylerine hizmet verilmektedir.<\/h2>\n<\/div><\/div>\n<\/div>\n\n\n\n<div id=\"basvuru\" class=\"wp-block-group has-ast-global-color-0-background-color has-background has-small-font-size is-layout-flow wp-block-group-is-layout-flow\">\n<div class=\"wpcf7 no-js\" id=\"wpcf7-f707-o1\" lang=\"tr-TR\" dir=\"ltr\">\n<div class=\"screen-reader-response\"><p role=\"status\" aria-live=\"polite\" aria-atomic=\"true\"><\/p> <ul><\/ul><\/div>\n<form action=\"\/index.php\/wp-json\/wp\/v2\/pages\/10#wpcf7-f707-o1\" method=\"post\" class=\"wpcf7-form init\" aria-label=\"\u0130leti\u015fim Formu\" novalidate=\"novalidate\" data-status=\"init\">\n<div style=\"display: none;\">\n<input type=\"hidden\" name=\"_wpcf7\" value=\"707\" \/>\n<input type=\"hidden\" name=\"_wpcf7_version\" value=\"5.9.5\" \/>\n<input type=\"hidden\" name=\"_wpcf7_locale\" value=\"tr_TR\" \/>\n<input type=\"hidden\" name=\"_wpcf7_unit_tag\" value=\"wpcf7-f707-o1\" \/>\n<input type=\"hidden\" name=\"_wpcf7_container_post\" value=\"0\" \/>\n<input type=\"hidden\" name=\"_wpcf7_posted_data_hash\" value=\"\" \/>\n<input type=\"hidden\" name=\"_wpcf7_recaptcha_response\" value=\"\" \/>\n<\/div>\n<h2 style=\"text-align: center; color:white\">Kampanyalar\u0131m\u0131za Ba\u015fvurmak \u0130\u00e7in Formu Doldurun<br \/>\nBiz Size Ula\u015fal\u0131m\n<\/h2>\n<div style=\"max-width: 600px; margin: auto;\">\n\t<p><label for=\"name\" style=\"margin-bottom: 5px; color:#6bbbf7\">Ad Soyad:<\/label><label style=\"color:white; font-size: 13px\">(Zorunlu)<\/label><br \/>\n<span class=\"wpcf7-form-control-wrap\" data-name=\"name\"><input size=\"40\" class=\"wpcf7-form-control wpcf7-text wpcf7-validates-as-required\" id=\"name\" aria-required=\"true\" aria-invalid=\"false\" value=\"\" type=\"text\" name=\"name\" \/><\/span>\n\t<\/p>\n\t<p><label for=\"phone\" style=\"color:#6bbbf7\">Telefon Numaras\u0131:<\/label><label style=\"margin-bottom: 15px; color:white; font-size: 13px\">(Zorunlu)<\/label><br \/>\n<span class=\"wpcf7-form-control-wrap\" data-name=\"phone\"><input size=\"40\" maxlength=\"11\" minlength=\"11\" class=\"wpcf7-form-control wpcf7-text wpcf7-validates-as-required\" id=\"phone\" aria-required=\"true\" aria-invalid=\"false\" value=\"\" type=\"text\" name=\"phone\" \/><\/span>\n\t<\/p>\n\t<p><label for=\"email\" style=\"margin-bottom: 5px; color:#6bbbf7\">E-posta:<\/label><br \/>\n<span class=\"wpcf7-form-control-wrap\" data-name=\"email\"><input size=\"40\" class=\"wpcf7-form-control wpcf7-email wpcf7-text wpcf7-validates-as-email\" id=\"email\" aria-invalid=\"false\" value=\"\" type=\"email\" name=\"email\" \/><\/span>\n\t<\/p>\n\t<p><label for=\"tc\" style=\"color:#6bbbf7\">T.C. Kimlik Numaras\u0131:<\/label><br \/>\n<span class=\"wpcf7-form-control-wrap\" data-name=\"tc\"><input size=\"40\" maxlength=\"11\" minlength=\"11\" class=\"wpcf7-form-control wpcf7-text\" id=\"tc\" aria-invalid=\"false\" value=\"\" type=\"text\" name=\"tc\" \/><\/span>\n\t<\/p>\n\t<p><label for=\"year\" style=\"color:#6bbbf7\">Do\u011fum Tarihi:<\/label><br \/>\n<input type=\"date\" id=\"year\" name=\"year\" style=\"width: 100%; border-radius: 5px;\" \/>\n\t<\/p>\n\t<p><label for=\"message\" style=\"color:#6bbbf7\">Hangi paketimizden faydalanmak istersiniz ?<\/label><br \/>\n<textarea id=\"message\" name=\"message\" rows=\"4\" style=\"width: 100%; border-radius: 5px;\"><\/textarea>\n\t<\/p>\n\t<p><input class=\"wpcf7-form-control wpcf7-submit has-spinner\" type=\"submit\" value=\"G\u00f6nder\" \/>\n\t<\/p>\n<\/div><input type='hidden' class='wpcf7-pum' value='{\"closepopup\":false,\"closedelay\":4,\"openpopup\":true,\"openpopup_id\":120}' \/><div class=\"wpcf7-response-output\" aria-hidden=\"true\"><\/div>\n<\/form>\n<\/div>\n\n<\/div>\n\n\n\n<div class=\"wp-block-cover alignfull\"><span aria-hidden=\"true\" class=\"wp-block-cover__background has-ast-global-color-0-background-color has-background-dim-100 has-background-dim\"><\/span><div class=\"wp-block-cover__inner-container is-layout-flow wp-block-cover-is-layout-flow\">\n<div class=\"inherit-container-width wp-block-group alignwide is-layout-constrained wp-block-group-is-layout-constrained\">\n<div class=\"wp-block-media-text alignwide has-media-on-the-right is-stacked-on-mobile is-vertically-aligned-center has-ast-global-color-0-color has-pale-cyan-blue-background-color has-text-color has-background has-link-color wp-elements-508aedd64c56b83d69f75b9df1bd288c\" style=\"margin-top:0;margin-bottom:0;grid-template-columns:auto 43%\"><div class=\"wp-block-media-text__content\">\n<p class=\"has-ast-global-color-5-color has-text-color has-link-color wp-elements-ea1e9777813c7ce3ef04d683bc823ace\">Deniz Elektronik olarak, evlerinizden i\u015f yerlerinize kadar teknolojiyi en etkili \u015fekilde kullanman\u0131za yard\u0131mc\u0131 oluyoruz. Uydu sistemlerinden internet eri\u015fimine kadar geni\u015f bir yelpazede sundu\u011fumuz hizmetlerle, ya\u015fam\u0131n\u0131z\u0131 ve i\u015flerinizi daha verimli hale getiriyoruz. Hem evinizdeki e\u011flence ve ileti\u015fim deneyimini hem de i\u015f yerinizdeki ileti\u015fim ve ba\u011flant\u0131lar\u0131 g\u00fc\u00e7lendiriyoruz. Hemen bizimle ileti\u015fime ge\u00e7in ve teknolojiyle dolu bir ya\u015fam\u0131 ke\u015ffedin!<\/p>\n\n\n\n<div class=\"wp-block-buttons is-layout-flex wp-block-buttons-is-layout-flex\">\n<div class=\"wp-block-button\"><a class=\"wp-block-button__link wp-element-button\" href=\"#contact\">\u0130leti\u015fime Ge\u00e7<\/a><\/div>\n<\/div>\n<\/div><figure class=\"wp-block-media-text__media\"><img decoding=\"async\" width=\"600\" height=\"460\" src=\"https:\/\/kocaelidigital.com\/wp-content\/uploads\/2024\/06\/Digiturk_large-01.jpg\" alt=\"\" class=\"wp-image-140 size-full\" srcset=\"https:\/\/kocaelidigital.com\/wp-content\/uploads\/2024\/06\/Digiturk_large-01.jpg 600w, https:\/\/kocaelidigital.com\/wp-content\/uploads\/2024\/06\/Digiturk_large-01-300x230.jpg 300w\" sizes=\"(max-width: 600px) 100vw, 600px\" \/><\/figure><\/div>\n<\/div>\n<\/div><\/div>\n\n\n\n<div class=\"wp-block-group alignfull has-ast-global-color-0-background-color has-background is-layout-constrained wp-container-core-group-is-layout-cfcca693 wp-block-group-is-layout-constrained\" id=\"contact\" style=\"padding-top:104px;padding-bottom:104px\">\n<div class=\"wp-block-columns alignfull is-layout-flex wp-container-core-columns-is-layout-28f84493 wp-block-columns-is-layout-flex\">\n<div class=\"wp-block-column is-layout-flow wp-block-column-is-layout-flow\">\n<h2 class=\"wp-block-heading has-pale-cyan-blue-color has-text-color has-link-color has-large-font-size wp-elements-750b29fc1738ab37ad6e6d45253d7983\">Deniz Elektronik ile \u0130leti\u015fime Ge\u00e7in<\/h2>\n\n\n\n<p class=\"has-ast-global-color-5-color has-text-color has-link-color wp-elements-38e263f6e5317c8c057443cf642f2907\">Her t\u00fcrl\u00fc soru ve talepleriniz i\u00e7in bizimle ileti\u015fime ge\u00e7mekten \u00e7ekinmeyin. TV uydu al\u0131c\u0131 sistemleri, Digiturk bayili\u011fi ve di\u011fer hizmetlerimiz hakk\u0131nda bilgi almak i\u00e7in a\u015fa\u011f\u0131daki ileti\u015fim kanallar\u0131n\u0131 kullanabilirsiniz.<\/p>\n\n\n\n<p class=\"has-ast-global-color-5-color has-text-color has-link-color wp-elements-e505c2da1864341c431aa4b1ceacc488\">Telefon: 0262 644 30 13<br>Telefon: 0533 559 53 43<br>Adres: Osman Y\u0131lmaz Mah. Mehmet Akif Ersoy Cad. No:4 Gebze\/KOCAEL\u0130<\/p>\n\n\n\n<p class=\"has-ast-global-color-5-color has-text-color has-link-color wp-elements-1d3f1ee283bca28b8c90d0e0590c52f1\">M\u00fc\u015fteri memnuniyeti bizim \u00f6nceli\u011fimizdir. Size en k\u0131sa s\u00fcrede geri d\u00f6n\u00fc\u015f yapaca\u011f\u0131m\u0131zdan emin olabilirsiniz. Deniz Elektronik olarak, ihtiya\u00e7lar\u0131n\u0131za en uygun \u00e7\u00f6z\u00fcmleri sunmak i\u00e7in buraday\u0131z.<\/p>\n<\/div>\n\n\n\n<div class=\"wp-block-column is-vertically-aligned-center is-layout-flow wp-block-column-is-layout-flow\"><\/div>\n<\/div>\n<\/div>\n\n\n\n<div id=\"basvuru\" class=\"wp-block-group has-ast-global-color-0-background-color has-background has-small-font-size is-layout-flow wp-block-group-is-layout-flow\">\n<div class=\"wpcf7 no-js\" id=\"wpcf7-f707-o2\" lang=\"tr-TR\" dir=\"ltr\">\n<div class=\"screen-reader-response\"><p role=\"status\" aria-live=\"polite\" aria-atomic=\"true\"><\/p> <ul><\/ul><\/div>\n<form action=\"\/index.php\/wp-json\/wp\/v2\/pages\/10#wpcf7-f707-o2\" method=\"post\" class=\"wpcf7-form init\" aria-label=\"\u0130leti\u015fim Formu\" novalidate=\"novalidate\" data-status=\"init\">\n<div style=\"display: none;\">\n<input type=\"hidden\" name=\"_wpcf7\" value=\"707\" \/>\n<input type=\"hidden\" name=\"_wpcf7_version\" value=\"5.9.5\" \/>\n<input type=\"hidden\" name=\"_wpcf7_locale\" value=\"tr_TR\" \/>\n<input type=\"hidden\" name=\"_wpcf7_unit_tag\" value=\"wpcf7-f707-o2\" \/>\n<input type=\"hidden\" name=\"_wpcf7_container_post\" value=\"0\" \/>\n<input type=\"hidden\" name=\"_wpcf7_posted_data_hash\" value=\"\" \/>\n<input type=\"hidden\" name=\"_wpcf7_recaptcha_response\" value=\"\" \/>\n<\/div>\n<h2 style=\"text-align: center; color:white\">Kampanyalar\u0131m\u0131za Ba\u015fvurmak \u0130\u00e7in Formu Doldurun<br \/>\nBiz Size Ula\u015fal\u0131m\n<\/h2>\n<div style=\"max-width: 600px; margin: auto;\">\n\t<p><label for=\"name\" style=\"margin-bottom: 5px; color:#6bbbf7\">Ad Soyad:<\/label><label style=\"color:white; font-size: 13px\">(Zorunlu)<\/label><br \/>\n<span class=\"wpcf7-form-control-wrap\" data-name=\"name\"><input size=\"40\" class=\"wpcf7-form-control wpcf7-text wpcf7-validates-as-required\" aria-required=\"true\" aria-invalid=\"false\" value=\"\" type=\"text\" name=\"name\" \/><\/span>\n\t<\/p>\n\t<p><label for=\"phone\" style=\"color:#6bbbf7\">Telefon Numaras\u0131:<\/label><label style=\"margin-bottom: 15px; color:white; font-size: 13px\">(Zorunlu)<\/label><br \/>\n<span class=\"wpcf7-form-control-wrap\" data-name=\"phone\"><input size=\"40\" maxlength=\"11\" minlength=\"11\" class=\"wpcf7-form-control wpcf7-text wpcf7-validates-as-required\" aria-required=\"true\" aria-invalid=\"false\" value=\"\" type=\"text\" name=\"phone\" \/><\/span>\n\t<\/p>\n\t<p><label for=\"email\" style=\"margin-bottom: 5px; color:#6bbbf7\">E-posta:<\/label><br \/>\n<span class=\"wpcf7-form-control-wrap\" data-name=\"email\"><input size=\"40\" class=\"wpcf7-form-control wpcf7-email wpcf7-text wpcf7-validates-as-email\" aria-invalid=\"false\" value=\"\" type=\"email\" name=\"email\" \/><\/span>\n\t<\/p>\n\t<p><label for=\"tc\" style=\"color:#6bbbf7\">T.C. Kimlik Numaras\u0131:<\/label><br \/>\n<span class=\"wpcf7-form-control-wrap\" data-name=\"tc\"><input size=\"40\" maxlength=\"11\" minlength=\"11\" class=\"wpcf7-form-control wpcf7-text\" aria-invalid=\"false\" value=\"\" type=\"text\" name=\"tc\" \/><\/span>\n\t<\/p>\n\t<p><label for=\"year\" style=\"color:#6bbbf7\">Do\u011fum Tarihi:<\/label><br \/>\n<input type=\"date\" id=\"year\" name=\"year\" style=\"width: 100%; border-radius: 5px;\" \/>\n\t<\/p>\n\t<p><label for=\"message\" style=\"color:#6bbbf7\">Hangi paketimizden faydalanmak istersiniz ?<\/label><br \/>\n<textarea id=\"message\" name=\"message\" rows=\"4\" style=\"width: 100%; border-radius: 5px;\"><\/textarea>\n\t<\/p>\n\t<p><input class=\"wpcf7-form-control wpcf7-submit has-spinner\" type=\"submit\" value=\"G\u00f6nder\" \/>\n\t<\/p>\n<\/div><input type='hidden' class='wpcf7-pum' value='{\"closepopup\":false,\"closedelay\":4,\"openpopup\":true,\"openpopup_id\":120}' \/><div class=\"wpcf7-response-output\" aria-hidden=\"true\"><\/div>\n<\/form>\n<\/div>\n\n<\/div>\n","protected":false},"excerpt":{"rendered":"<p>Digiturk beIN Sports \u0130ND\u0130R\u0130ML\u0130 \u00dcYEL\u0130K FIRSATINDAN YARARLANMAK \u0130\u00c7\u0130N B\u0130Z\u0130 ARAYIN, AYNI G\u00dcN KURULUM YAPALIM. Digiturk beIN Sports \u0130ND\u0130R\u0130ML\u0130 \u00dcYEL\u0130K FIRSATINDAN [&hellip;]<\/p>\n","protected":false},"author":3,"featured_media":0,"parent":0,"menu_order":0,"comment_status":"closed","ping_status":"closed","template":"","meta":{"om_disable_all_campaigns":false,"_monsterinsights_skip_tracking":false,"_monsterinsights_sitenote_active":false,"_monsterinsights_sitenote_note":"","_monsterinsights_sitenote_category":0,"_uf_show_specific_survey":0,"_uf_disable_surveys":false,"site-sidebar-layout":"no-sidebar","site-content-layout":"plain-container","ast-site-content-layout":"","site-content-style":"default","site-sidebar-style":"default","ast-global-header-display":"","ast-banner-title-visibility":"","ast-main-header-display":"","ast-hfb-above-header-display":"","ast-hfb-below-header-display":"","ast-hfb-mobile-header-display":"","site-post-title":"disabled","ast-breadcrumbs-content":"","ast-featured-img":"","footer-sml-layout":"","theme-transparent-header-meta":"enabled","adv-header-id-meta":"","stick-header-meta":"","header-above-stick-meta":"","header-main-stick-meta":"","header-below-stick-meta":"","astra-migrate-meta-layouts":"default","ast-page-background-enabled":"default","ast-page-background-meta":{"desktop":{"background-color":"var(--ast-global-color-4)","background-image":"","background-repeat":"repeat","background-position":"center center","background-size":"auto","background-attachment":"scroll","background-type":"","background-media":"","overlay-type":"","overlay-color":"","overlay-opacity":"","overlay-gradient":""},"tablet":{"background-color":"","background-image":"","background-repeat":"repeat","background-position":"center center","background-size":"auto","background-attachment":"scroll","background-type":"","background-media":"","overlay-type":"","overlay-color":"","overlay-opacity":"","overlay-gradient":""},"mobile":{"background-color":"","background-image":"","background-repeat":"repeat","background-position":"center center","background-size":"auto","background-attachment":"scroll","background-type":"","background-media":"","overlay-type":"","overlay-color":"","overlay-opacity":"","overlay-gradient":""}},"ast-content-background-meta":{"desktop":{"background-color":"var(--ast-global-color-5)","background-image":"","background-repeat":"repeat","background-position":"center center","background-size":"auto","background-attachment":"scroll","background-type":"","background-media":"","overlay-type":"","overlay-color":"","overlay-opacity":"","overlay-gradient":""},"tablet":{"background-color":"var(--ast-global-color-5)","background-image":"","background-repeat":"repeat","background-position":"center center","background-size":"auto","background-attachment":"scroll","background-type":"","background-media":"","overlay-type":"","overlay-color":"","overlay-opacity":"","overlay-gradient":""},"mobile":{"background-color":"var(--ast-global-color-5)","background-image":"","background-repeat":"repeat","background-position":"center center","background-size":"auto","background-attachment":"scroll","background-type":"","background-media":"","overlay-type":"","overlay-color":"","overlay-opacity":"","overlay-gradient":""}},"ngg_post_thumbnail":0,"footnotes":""},"class_list":["post-10","page","type-page","status-publish","hentry"],"aioseo_notices":[],"_links":{"self":[{"href":"https:\/\/kocaelidigital.com\/index.php\/wp-json\/wp\/v2\/pages\/10","targetHints":{"allow":["GET"]}}],"collection":[{"href":"https:\/\/kocaelidigital.com\/index.php\/wp-json\/wp\/v2\/pages"}],"about":[{"href":"https:\/\/kocaelidigital.com\/index.php\/wp-json\/wp\/v2\/types\/page"}],"author":[{"embeddable":true,"href":"https:\/\/kocaelidigital.com\/index.php\/wp-json\/wp\/v2\/users\/3"}],"replies":[{"embeddable":true,"href":"https:\/\/kocaelidigital.com\/index.php\/wp-json\/wp\/v2\/comments?post=10"}],"version-history":[{"count":294,"href":"https:\/\/kocaelidigital.com\/index.php\/wp-json\/wp\/v2\/pages\/10\/revisions"}],"predecessor-version":[{"id":831,"href":"https:\/\/kocaelidigital.com\/index.php\/wp-json\/wp\/v2\/pages\/10\/revisions\/831"}],"wp:attachment":[{"href":"https:\/\/kocaelidigital.com\/index.php\/wp-json\/wp\/v2\/media?parent=10"}],"curies":[{"name":"wp","href":"https:\/\/api.w.org\/{rel}","templated":true}]}}